t common factor of k and q?
7
Let v(t) = 54*t + 2241. Let b be v(-20). What is the highest common divisor of 108 and b?
27
Let y = 2443 - -997. Calculate the greatest common factor of 1935 and y.
215
Let k = 429 + -425. Suppose o + k*t - 90 = 0, 4*o + 2*t - 432 = -o. What is the greatest common divisor of 301 and o?
43
Let t = 13230 - 12128. What is the greatest common divisor of t and 57?
19
Suppose -731*i + 1400830 = 32398. Calculate the highest common factor of 1296 and i.
144
Let l(b) = -b**2 - 44*b + 27. Let i be l(-20). Let s = i + -276. What is the highest common factor of 33 and s?
33
Let b = 1623 + 808. Calculate the highest common factor of 187 and b.
187
Let f be 49 + -57 - (-35 - -2). Suppose 13*j = f*j - 96. Calculate the highest common divisor of j and 18.
2
Let h = 7930 - 5050. Suppose -h = -10*j - 280. Calculate the greatest common divisor of 13 and j.
13
Suppose 168 - 1320 = -8*y. Let c = -37 + 42. Suppose n + 67 = 4*b, 0 = -c*n + 2*n + 15. What is the highest common divisor of b and y?
18
Let p(x) = -167*x - 9 + 362*x - 193*x. Let j(o) = -2*o - 2. Let m be j(-4). Let t be p(m). Calculate the highest common factor of 27 and t.
3
Let h = 372 + -364. Let q(n) = -n**3 - n**2 - 2*n + 200. Let l be q(0). Calculate the highest common divisor of l and h.
8
Let q be 6 - ((-48)/(-3) - 5). Let o(l) = l**2 - 7*l - 38. Let i be o(q). Calculate the greatest common factor of 143 and i.
11
Let x be 12/2 + (3/6 - (-273)/6). Calculate the highest common divisor of 816 and x.
4
Let v(x) = -8*x**3 - 41*x**2 - 20*x - 28. Let c be v(-8). What is the greatest common factor of c and 4?
4
Let b be (-1)/((9/114)/(42/(-28))). Suppose 4*f + 0 = 76. What is the highest common factor of f and b?
19
Let u(n) = -n**3 + 11*n**2 - 6*n - 4. Let l be u(7). Let o be 108/4 - 3 - -6. Calculate the highest common divisor of o and l.
30
Let h(d) = 18*d**2 + d. Let g be h(-1). Let o be (-1)/(10/32)*(-110)/44. Suppose -o*u + 1049 - 369 = 0. Calculate the highest common factor of u and g.
17
Suppose -8736 = -74*z + 32*z. What is the highest common factor of z and 65?
13
Let d be (45/25)/((-4)/(-80)*6). Suppose 20 = 2*b - 26. Suppose -3*t + 113 = b. Calculate the greatest common factor of t and d.
6
Let k be ((-92)/4 + 0)*-3. Suppose 0 = -2*r - 6, 0 = -3*l - 0*r - 4*r + k. Suppose -3 = -46*h + 45*h. What is the greatest common divisor of h and l?
3
Let w be 4/(-6)*(-3 - 0). Suppose 0 = d + 5*o - 154, -2*d + 701 = 3*d + w*o. Let z = -4 + d. Calculate the greatest common factor of z and 15.
15
Let r = 5102 - 5057. Let m = 1125 + -705. What is the highest common factor of m and r?
15
Suppose -1040 = -4*u + 4*s, -28*u - 4*s = -24*u - 1072. Calculate the greatest common divisor of 1936 and u.
88
Let i(h) = -h**3 - 14*h**2 + 37*h - 34. Let w be i(-16). Let y = 123 + w. Calculate the highest common divisor of 99 and y.
9
Let b be 2/2*-2*-239. Let y = b - 296. Calculate the highest common factor of y and 14.
14
Let p(f) = 71*f - 316. Let m be p(6). Let g = -33 - -43. What is the highest common divisor of g and m?
10
Suppose 4*l - 104 = -3*n - 6*n, 76 = 4*l + 2*n. Calculate the highest common factor of 7293 and l.
17
Suppose -233*l + 122*l = -555. Suppose 0 = 2*m + 4*a + 2, m - 5*a = -m + 25. Let r = -3 + m. Calculate the greatest common factor of l and r.
1
Suppose -i + 42 = -12*i + 284. Suppose -2*b + 6*b - 1384 = 0. Suppose -2*y = -5*d + 542, -y = 3*d + 3*y - b. What is the highest common divisor of d and i?
22
Let o(p) = p**2 - 162*p + 970. Let q be o(157). Calculate the highest common divisor of q and 95.
5
Suppose -21409 = -8*z - 37*z + 28586. What is the highest common factor of z and 176?
11
Suppose 617 - 621 = -2*z, -z - 323 = -5*a. Calculate the greatest common factor of a and 12545.
65
Let z = 11653 + -8687. What is the greatest common divisor of z and 2?
2
Suppose 4724 = 13*t + 1370. Let a = -198 + t. What is the greatest common factor of a and 100?
20
Let w = 874 + -778. Let d be (w/(-14))/((-21)/196). Suppose -133 + 34 = -3*j + z, 2*z = -5*j + 154. Calculate the highest common divisor of d and j.
32
Let s be (33 - 2)*(0 + 1). Suppose q - 3*t + 2852 = -q + 6*q - 0*q, -6*t = 0. Calculate the highest common divisor of s and q.
31
Let k = 435 + -432. Let y(d) = -2*d**3 + 9*d**2 - 6*d - 4. Let v be y(k). What is the highest common divisor of 295 and v?
5
Let w be 255/425 - (-99462)/30. What is the greatest common divisor of w and 12?
4
Suppose -4*p + 3 = -4*t - 57, 4*t + 50 = 3*p. Let u be p/25 + (-530)/(-50). Let v = -102 - -157. What is the highest common divisor of u and v?
11
Suppose 5*q + 0 = 5. Let c be -13 + -1 + 45 + -14. What is the greatest common factor of q and c?
1
Let n = -348 + 350. Suppose -2*i + 2*f + 14 = -6, 4*f - 20 = -n*i. Calculate the greatest common divisor of 250 and i.
10
Suppose 6*t - 155 + 113 = 0. Suppose -1195 - 989 = -t*v. What is the highest common divisor of 39 and v?
39
Let d = -20 + 163. Let u = 72 + d. Calculate the highest common divisor of 43 and u.
43
Let q be (1/(-2))/1*-28. Let f(z) = z**2 + 32*z - 122. Let u be f(-36). Suppose 0 = 5*r + 12 - u. What is the highest common divisor of r and q?
2
Let u be -6*((-14)/4 + -1). Let p be -3*(-20 - 1)*(82 + (-29380)/364). Calculate the greatest common divisor of u and p.
27
Suppose -23*g + 171990 = 9*g - 2*g. What is the highest common factor of g and 98?
49
Let f be ((-1326)/(-234))/(2/42). What is the highest common factor of f and 238?
119
Suppose c + 3*j - 47 = 5*j, 3 = -j. Calculate the greatest common divisor of 1312 and c.
41
Suppose 0 = 3*v - 3*s - 8298, -2*s + 4121 = 12*v - 29141. Calculate the highest common factor of 1304 and v.
163
Let c = 8064 - 8013. Calculate the highest common divisor of c and 4505.
17
Let u = 4 + 12. Suppose 3*k = 26 + u. Let b(m) = 4*m + 11. Let v be b(6). What is the greatest common divisor of v and k?
7
Let w = -2916 + 8131. What is the greatest common divisor of 70 and w?
35
Suppose -8*g - 4*a = -10*g + 1472, 4*g - 2980 = -a. What is the greatest common factor of 112 and g?
8
Let u = -27339 + 27352. What is the greatest common factor of 48373 and u?
13
Let i(k) = k**2 + 32*k - 33. Let t be i(-33). Suppose t = -40*q + 44*q - 136. What is the highest common factor of q and 170?
34
Let u(g) = 2*g**2 + 4 + 2*g + 3*g + 2*g**2. Let z be u(-3). Let t = 300587 + -300412. Calculate the greatest common factor of t and z.
25
Let q(r) = r**3 + 43*r**2 + 283*r - 38. Let u be q(-23). Calculate the greatest common factor of 407 and u.
37
Let k(h) = 129*h - 641. Let z be k(5). What is the greatest common divisor of 1844 and z?
4
Let o(u) = 6*u**2 + u + 14. Let w be o(4). Let z = w - 103. What is the highest common divisor of 55 and z?
11
Let c(f) = 10*f**2 + 46*f + 182. Let s be c(-5). Calculate the greatest common factor of 3131 and s.
101
Suppose 0 = -4*u + u - o + 138, 4*u = -4*o + 184. Calculate the highest common factor of 598 and u.
46
Let w(b) = b + 259. Let r be w(-39). Let i = 140 + -100. What is the greatest common divisor of i and r?
20
Suppose -3*s + 34 - 55 = -3*m, 0 = 2*s - 2. Let h be -16 + 163 - (m/2 - -2). Calculate the greatest common factor of h and 188.
47
Suppose 3*u - 6*h + 6 = -3*h, 0 = 4*u - h + 17. Let p be u/(-20) + 119/4. Suppose -2*j + 62 + 28 = 0. What is the greatest common factor of j and p?
15
Suppose -3*b + 23 = -5*r, -3*b - 2*r = -5*r - 27. Let f = 71 - b. Suppose -112*j + 118*j = 72. What is the highest common factor of j and f?
12
Let a(j) = j**2 - 24 - 2*j**2 + 3*j**2 - 46*j. Suppose -168 = -12*h + 5*h. Let m be a(h). Calculate the highest common factor of m and 18.
6
Suppose -314 = -2*b - 2*g, 6*b + g + 153 = 7*b. Calculate the greatest common divisor of b and 40.
5
Suppose -2*k + 36 + 154 = 0. Suppose 0 = -v - 5*n + 46, -4*v + 166 + 150 = -2*n. What is the highest common divisor of k and v?
19
Suppose -51*h = -33*h - 7236. Suppose -35*n = -1277 + h. Let t = 191 - 116. What is the highest common factor of n and t?
25
Suppose -10*c = -7*c - 6. Suppose 5*p + 195 = 5*f, -f + c*f = -3*p + 19. What is the highest common factor of f and 238?
34
Suppose 7*b - 2*b - 12 = 4*w, 4*b = 2*w + 12. Let s be b*(1 - 0) - -60. Let v be 16/s - 703/(-4). What is the highest common divisor of 16 and v?
16
Suppose 16*z - 18*z + 4*h = -300, 312 = 